{"id":423,"date":"2022-10-19T14:02:56","date_gmt":"2022-10-19T14:02:56","guid":{"rendered":"https:\/\/www.fundacionkambia.org\/carrerasolidaria\/?page_id=423"},"modified":"2023-11-06T09:29:23","modified_gmt":"2023-11-06T09:29:23","slug":"sevilla","status":"publish","type":"page","link":"https:\/\/www.fundacionkambia.org\/carrerasolidaria\/sevilla\/","title":{"rendered":"SEVILLA"},"content":{"rendered":"\n<div class=\"wp-block-cover alignfull is-light\" style=\"min-height:400px\"><span aria-hidden=\"true\" class=\"wp-block-cover__background has-background-dim-0 has-background-dim\"><\/span><img loading=\"lazy\" width=\"1366\" height=\"689\" class=\"wp-block-cover__image-background wp-image-516\" alt=\"\" src=\"https:\/\/www.fundacionkambia.org\/carrerasolidaria\/wp-content\/uploads\/2023\/09\/cabecera_webo.jpg\" style=\"object-position:40% 37%\" data-object-fit=\"cover\" data-object-position=\"40% 37%\" srcset=\"https:\/\/www.fundacionkambia.org\/carrerasolidaria\/wp-content\/uploads\/2023\/09\/cabecera_webo.jpg 1366w, https:\/\/www.fundacionkambia.org\/carrerasolidaria\/wp-content\/uploads\/2023\/09\/cabecera_webo-300x151.jpg 300w, https:\/\/www.fundacionkambia.org\/carrerasolidaria\/wp-content\/uploads\/2023\/09\/cabecera_webo-1024x516.jpg 1024w, https:\/\/www.fundacionkambia.org\/carrerasolidaria\/wp-content\/uploads\/2023\/09\/cabecera_webo-768x387.jpg 768w\" sizes=\"(max-width: 1366px) 100vw, 1366px\" \/><div class=\"wp-block-cover__inner-container\">\n<div style=\"height:80px\" aria-hidden=\"true\" class=\"wp-block-spacer\"><\/div>\n\n\n\n<h1 class=\"has-text-align-center has-text-color\" style=\"color:#121212\">25 NOVIEMBRE<\/h1>\n\n\n\n<p class=\"has-text-align-center has-text-color\" style=\"color:#121212;font-size:30px\">#CORREYKAMBIA para garantizar la educaci\u00f3n de las ni\u00f1as y los ni\u00f1os de las comunidades tribales en India. <\/p>\n\n\n\n<div class=\"wp-container-1 wp-block-buttons\">\n<div class=\"wp-block-button aligncenter\"><a class=\"wp-block-button__link\" href=\"https:\/\/racetime.es\/evento\/vi-carrera-solidaria-kambia-por-india\">INSCR\u00cdBETE AQU\u00cd<\/a><\/div>\n<\/div>\n<\/div><\/div>\n\n\n\n<div style=\"height:80px\" aria-hidden=\"true\" class=\"wp-block-spacer\"><\/div>\n\n\n\n<p class=\"has-text-align-center has-large-font-size\">Toda la informaci\u00f3n de la carrera la tienes aqu\u00ed:<\/p>\n\n\n\n<div class=\"wp-container-8 wp-block-columns\">\n<div class=\"wp-container-3 wp-block-column\"><div class=\"wp-block-image\">\n<figure class=\"aligncenter size-full is-resized\"><img loading=\"lazy\" src=\"https:\/\/www.fundacionkambia.org\/carrerasolidaria\/wp-content\/uploads\/2023\/09\/RECORRIDO.jpg\" alt=\"\" class=\"wp-image-590\" width=\"236\" height=\"236\" srcset=\"https:\/\/www.fundacionkambia.org\/carrerasolidaria\/wp-content\/uploads\/2023\/09\/RECORRIDO.jpg 945w, https:\/\/www.fundacionkambia.org\/carrerasolidaria\/wp-content\/uploads\/2023\/09\/RECORRIDO-300x300.jpg 300w, https:\/\/www.fundacionkambia.org\/carrerasolidaria\/wp-content\/uploads\/2023\/09\/RECORRIDO-150x150.jpg 150w, https:\/\/www.fundacionkambia.org\/carrerasolidaria\/wp-content\/uploads\/2023\/09\/RECORRIDO-768x768.jpg 768w\" sizes=\"(max-width: 236px) 100vw, 236px\" \/><\/figure><\/div>\n\n\n<h3 class=\"has-text-align-center\">Recorrido<\/h3>\n\n\n\n<p class=\"has-text-align-center\">Conoce el recorrido de las carreras populares de 5 y 10 km. <\/p>\n\n\n\n<div class=\"wp-container-2 wp-block-buttons\">\n<div class=\"wp-block-button aligncenter is-style-primary\"><a class=\"wp-block-button__link has-nv-c-1-background-color has-background\" href=\"https:\/\/www.fundacionkambia.org\/carrerasolidaria\/wp-content\/uploads\/2022\/10\/esquema-recorrido-kambia-1.jpg\">&gt;VER RECORRIDO<\/a><\/div>\n<\/div>\n<\/div>\n\n\n\n<div class=\"wp-container-5 wp-block-column\"><div class=\"wp-block-image\">\n<figure class=\"aligncenter size-full is-resized\"><img loading=\"lazy\" src=\"https:\/\/www.fundacionkambia.org\/carrerasolidaria\/wp-content\/uploads\/2023\/09\/CATEGORIAS.jpg\" alt=\"\" class=\"wp-image-589\" width=\"236\" height=\"236\" srcset=\"https:\/\/www.fundacionkambia.org\/carrerasolidaria\/wp-content\/uploads\/2023\/09\/CATEGORIAS.jpg 945w, https:\/\/www.fundacionkambia.org\/carrerasolidaria\/wp-content\/uploads\/2023\/09\/CATEGORIAS-300x300.jpg 300w, https:\/\/www.fundacionkambia.org\/carrerasolidaria\/wp-content\/uploads\/2023\/09\/CATEGORIAS-150x150.jpg 150w, https:\/\/www.fundacionkambia.org\/carrerasolidaria\/wp-content\/uploads\/2023\/09\/CATEGORIAS-768x768.jpg 768w\" sizes=\"(max-width: 236px) 100vw, 236px\" \/><\/figure><\/div>\n\n\n<h3 class=\"has-text-align-center\">Categor\u00edas<\/h3>\n\n\n\n<p class=\"has-text-align-center\">Descubre en qu\u00e9 categor\u00edas puedes participar seg\u00fan tu edad.<\/p>\n\n\n\n<div class=\"wp-container-4 wp-block-buttons\">\n<div class=\"wp-block-button aligncenter is-style-primary\"><a class=\"wp-block-button__link\" href=\"https:\/\/www.fundacionkambia.org\/carrerasolidaria\/categorias-kambia-sevilla\">&gt; VER CATEGOR\u00cdAS<\/a><\/div>\n<\/div>\n<\/div>\n\n\n\n<div class=\"wp-container-7 wp-block-column\"><div class=\"wp-block-image\">\n<figure class=\"aligncenter size-full is-resized\"><img loading=\"lazy\" src=\"https:\/\/www.fundacionkambia.org\/carrerasolidaria\/wp-content\/uploads\/2023\/09\/REGLAMENTO.jpg\" alt=\"\" class=\"wp-image-588\" width=\"236\" height=\"236\" srcset=\"https:\/\/www.fundacionkambia.org\/carrerasolidaria\/wp-content\/uploads\/2023\/09\/REGLAMENTO.jpg 945w, https:\/\/www.fundacionkambia.org\/carrerasolidaria\/wp-content\/uploads\/2023\/09\/REGLAMENTO-300x300.jpg 300w, https:\/\/www.fundacionkambia.org\/carrerasolidaria\/wp-content\/uploads\/2023\/09\/REGLAMENTO-150x150.jpg 150w, https:\/\/www.fundacionkambia.org\/carrerasolidaria\/wp-content\/uploads\/2023\/09\/REGLAMENTO-768x768.jpg 768w\" sizes=\"(max-width: 236px) 100vw, 236px\" \/><\/figure><\/div>\n\n\n<h3 class=\"has-text-align-center\">Reglamento<\/h3>\n\n\n\n<p class=\"has-text-align-center\">Toda la informaci\u00f3n importante se encuentra aqu\u00ed.<\/p>\n\n\n\n<div class=\"wp-container-6 wp-block-buttons\">\n<div class=\"wp-block-button aligncenter is-style-primary\"><a class=\"wp-block-button__link\" href=\"https:\/\/www.fundacionkambia.org\/carrerasolidaria\/wp-content\/uploads\/2023\/11\/REGLAMENTO_SEVILLA.pdf\">&gt; VER REGLAMENTO<\/a><\/div>\n<\/div>\n<\/div>\n<\/div>\n","protected":false},"excerpt":{"rendered":"<p>Toda la informaci\u00f3n de la carrera la tienes aqu\u00ed: Recorrido Conoce el recorrido de las carreras populares de 5 y 10 km. Categor\u00edas Descubre en qu\u00e9 categor\u00edas puedes participar seg\u00fan tu edad. Reglamento Toda la informaci\u00f3n importante se encuentra aqu\u00ed.<\/p>\n","protected":false},"author":1,"featured_media":0,"parent":0,"menu_order":0,"comment_status":"closed","ping_status":"closed","template":"","meta":{"neve_meta_sidebar":"","neve_meta_container":"","neve_meta_enable_content_width":"on","neve_meta_content_width":100,"neve_meta_title_alignment":"left","neve_meta_author_avatar":"","neve_post_elements_order":"","neve_meta_disable_header":"","neve_meta_disable_footer":"","neve_meta_disable_title":"on","_ti_tpc_template_sync":false,"_ti_tpc_template_id":""},"_links":{"self":[{"href":"https:\/\/www.fundacionkambia.org\/carrerasolidaria\/wp-json\/wp\/v2\/pages\/423"}],"collection":[{"href":"https:\/\/www.fundacionkambia.org\/carrerasolidaria\/wp-json\/wp\/v2\/pages"}],"about":[{"href":"https:\/\/www.fundacionkambia.org\/carrerasolidaria\/wp-json\/wp\/v2\/types\/page"}],"author":[{"embeddable":true,"href":"https:\/\/www.fundacionkambia.org\/carrerasolidaria\/wp-json\/wp\/v2\/users\/1"}],"replies":[{"embeddable":true,"href":"https:\/\/www.fundacionkambia.org\/carrerasolidaria\/wp-json\/wp\/v2\/comments?post=423"}],"version-history":[{"count":22,"href":"https:\/\/www.fundacionkambia.org\/carrerasolidaria\/wp-json\/wp\/v2\/pages\/423\/revisions"}],"predecessor-version":[{"id":710,"href":"https:\/\/www.fundacionkambia.org\/carrerasolidaria\/wp-json\/wp\/v2\/pages\/423\/revisions\/710"}],"wp:attachment":[{"href":"https:\/\/www.fundacionkambia.org\/carrerasolidaria\/wp-json\/wp\/v2\/media?parent=423"}],"curies":[{"name":"wp","href":"https:\/\/api.w.org\/{rel}","templated":true}]}}