{"id":25,"date":"2024-09-18T13:51:22","date_gmt":"2024-09-18T11:51:22","guid":{"rendered":"https:\/\/www.fundacionkambia.org\/granprixsolidario\/?page_id=25"},"modified":"2024-09-19T13:45:09","modified_gmt":"2024-09-19T11:45:09","slug":"detalles-del-proyecto","status":"publish","type":"page","link":"https:\/\/www.fundacionkambia.org\/granprixsolidario\/detalles-del-proyecto\/","title":{"rendered":"El proyecto"},"content":{"rendered":"\n<div class=\"wp-block-cover alignfull\" style=\"min-height:320px;aspect-ratio:unset;\"><span aria-hidden=\"true\" class=\"wp-block-cover__background has-nv-site-bg-background-color has-background-dim-100 has-background-dim\"><\/span><div class=\"wp-block-cover__inner-container is-layout-flow wp-block-cover-is-layout-flow\">\n<div class=\"wp-block-group\" style=\"padding-right:var(--wp--preset--spacing--30);padding-left:var(--wp--preset--spacing--30)\"><div class=\"wp-block-group__inner-container is-layout-flow wp-block-group-is-layout-flow\">\n<div class=\"wp-block-columns are-vertically-aligned-center is-layout-flex wp-container-core-columns-is-layout-1 wp-block-columns-is-layout-flex\">\n<div class=\"wp-block-column is-vertically-aligned-center is-layout-flow wp-block-column-is-layout-flow\" style=\"flex-basis:70%\">\n<div style=\"height:24px\" aria-hidden=\"true\" class=\"wp-block-spacer\"><\/div>\n\n\n\n<h1 class=\"wp-block-heading has-text-align-left has-neve-link-hover-color-color has-text-color\" style=\"font-size:45px\">Garantizar los derechos de las ni\u00f1as, ni\u00f1os y adolescentes en India<\/h1>\n\n\n\n<p class=\"has-neve-text-color-color has-text-color\" style=\"font-size:22px\">Para que tengan una infancia plena en la que cada uno\/a pueda acceder a derechos tales como: educaci\u00f3n, salud, diversi\u00f3n, identidad, igualdad, alimentaci\u00f3n, protecci\u00f3n, prevenci\u00f3n y vivienda.<\/p>\n<\/div>\n\n\n\n<div class=\"wp-block-column is-vertically-aligned-center is-layout-flow wp-block-column-is-layout-flow\" style=\"flex-basis:30%\"><\/div>\n<\/div>\n<\/div><\/div>\n<\/div><\/div>\n\n\n\n<div class=\"wp-block-cover alignfull\" style=\"min-height:1215px;aspect-ratio:unset;\"><span aria-hidden=\"true\" class=\"wp-block-cover__background has-nv-light-bg-background-color has-background-dim-100 has-background-dim\"><\/span><div class=\"wp-block-cover__inner-container is-layout-flow wp-block-cover-is-layout-flow\">\n<div class=\"wp-block-group\"><div class=\"wp-block-group__inner-container is-layout-flow wp-block-group-is-layout-flow\">\n<div style=\"height:63px\" aria-hidden=\"true\" class=\"wp-block-spacer\"><\/div>\n\n\n\n<div class=\"wp-block-cover alignwide has-custom-content-position is-position-bottom-left\" style=\"border-radius:32px;padding-top:var(--wp--preset--spacing--60);padding-right:var(--wp--preset--spacing--60);padding-bottom:var(--wp--preset--spacing--60);padding-left:var(--wp--preset--spacing--60);min-height:500px;aspect-ratio:unset;\"><span aria-hidden=\"true\" class=\"wp-block-cover__background has-neve-link-color-background-color has-background-dim-0 has-background-dim\"><\/span><img loading=\"lazy\" decoding=\"async\" width=\"2560\" height=\"1707\" class=\"wp-block-cover__image-background wp-image-147\" alt=\"\" src=\"https:\/\/www.fundacionkambia.org\/granprixsolidario\/wp-content\/uploads\/2024\/09\/IMG_2691-scaled.jpg\" data-object-fit=\"cover\" srcset=\"https:\/\/www.fundacionkambia.org\/granprixsolidario\/wp-content\/uploads\/2024\/09\/IMG_2691-scaled.jpg 2560w, https:\/\/www.fundacionkambia.org\/granprixsolidario\/wp-content\/uploads\/2024\/09\/IMG_2691-300x200.jpg 300w, https:\/\/www.fundacionkambia.org\/granprixsolidario\/wp-content\/uploads\/2024\/09\/IMG_2691-1024x683.jpg 1024w, https:\/\/www.fundacionkambia.org\/granprixsolidario\/wp-content\/uploads\/2024\/09\/IMG_2691-768x512.jpg 768w, https:\/\/www.fundacionkambia.org\/granprixsolidario\/wp-content\/uploads\/2024\/09\/IMG_2691-1536x1024.jpg 1536w, https:\/\/www.fundacionkambia.org\/granprixsolidario\/wp-content\/uploads\/2024\/09\/IMG_2691-2048x1365.jpg 2048w, https:\/\/www.fundacionkambia.org\/granprixsolidario\/wp-content\/uploads\/2024\/09\/IMG_2691-930x620.jpg 930w\" sizes=\"(max-width: 2560px) 100vw, 2560px\" \/><div class=\"wp-block-cover__inner-container is-layout-flow wp-block-cover-is-layout-flow\">\n<p class=\"has-text-align-center has-large-font-size\"><\/p>\n<\/div><\/div>\n\n\n\n<div style=\"height:60px\" aria-hidden=\"true\" class=\"wp-block-spacer\"><\/div>\n\n\n\n<div class=\"wp-block-columns is-layout-flex wp-container-core-columns-is-layout-2 wp-block-columns-is-layout-flex\">\n<div class=\"wp-block-column is-layout-flow wp-block-column-is-layout-flow\" style=\"padding-right:var(--wp--preset--spacing--30);padding-left:var(--wp--preset--spacing--30);flex-basis:67%\">\n<p class=\"has-neve-text-color-color has-text-color\">India tiene m\u00e1s de 400 millones de menores de 18 a\u00f1os de edad.<br>La falta de recursos y la discriminaci\u00f3n por casta, tan arraigada en la sociedad, hacen muy dif\u00edcil transformar una realidad que vulnera los derechos de la infancia:<br>trabajo infantil, matrimonio infantil, violencia, trata\u2026<\/p>\n\n\n\n<p class=\"has-neve-text-color-color has-text-color\">Kambia apoya a los equipos locales en la formacisn de redes comunitarias de apoyo mutuo formadas por  miles de ni\u00f1os, ni\u00f1as y adolescentes para proteger los derechos de la infancia. As\u00ed crean un entorno seguro y equitativo donde cada persona puede desarrollarse plenamente, sentirse valorada y alcanzar su m\u00e1ximo potencial.<\/p>\n\n\n\n<div class=\"wp-block-buttons has-custom-font-size has-small-font-size is-content-justification-left is-layout-flex wp-container-core-buttons-is-layout-1 wp-block-buttons-is-layout-flex\">\n<div class=\"wp-block-button has-custom-font-size is-style-default\" style=\"font-size:16px\"><a class=\"wp-block-button__link has-nv-text-dark-bg-color has-neve-link-color-background-color has-text-color has-background has-link-color wp-element-button\" href=\"https:\/\/www.fundacionkambia.org\">CONOCE M\u00c1S SOBRE KAMBIA<\/a><\/div>\n<\/div>\n<\/div>\n\n\n\n<div class=\"wp-block-column is-layout-flow wp-block-column-is-layout-flow\" style=\"padding-right:var(--wp--preset--spacing--30);padding-left:var(--wp--preset--spacing--30);flex-basis:34%\">\n<p class=\"has-neve-link-hover-color-color has-text-color\" style=\"font-size:25px\">\u201cQueremos garantizar que tengan una infancia plena&#8230; \u201d<\/p>\n\n\n\n<figure class=\"wp-block-image size-full is-resized is-style-rounded\"><img loading=\"lazy\" decoding=\"async\" width=\"362\" height=\"152\" src=\"https:\/\/www.fundacionkambia.org\/granprixsolidario\/wp-content\/uploads\/2024\/09\/Sin-titulo-3.png\" alt=\"\" class=\"wp-image-115\" style=\"aspect-ratio:1;object-fit:cover;width:146px;height:auto\" srcset=\"https:\/\/www.fundacionkambia.org\/granprixsolidario\/wp-content\/uploads\/2024\/09\/Sin-titulo-3.png 362w, https:\/\/www.fundacionkambia.org\/granprixsolidario\/wp-content\/uploads\/2024\/09\/Sin-titulo-3-300x126.png 300w\" sizes=\"(max-width: 362px) 100vw, 362px\" \/><\/figure>\n\n\n\n<p class=\"has-neve-link-hover-color-color has-text-color has-small-font-size\"><strong>KAM VERDE<\/strong><\/p>\n<\/div>\n<\/div>\n\n\n\n<div style=\"height:20px\" aria-hidden=\"true\" class=\"wp-block-spacer\"><\/div>\n<\/div><\/div>\n<\/div><\/div>\n\n\n\n<div class=\"wp-block-cover alignfull\" style=\"min-height:300px;aspect-ratio:unset;\"><span aria-hidden=\"true\" class=\"wp-block-cover__background has-neve-link-color-background-color has-background-dim-100 has-background-dim\"><\/span><div class=\"wp-block-cover__inner-container is-layout-flow wp-block-cover-is-layout-flow\">\n<div style=\"height:140px\" aria-hidden=\"true\" class=\"wp-block-spacer\"><\/div>\n\n\n\n<div class=\"wp-block-columns is-layout-flex wp-container-core-columns-is-layout-3 wp-block-columns-is-layout-flex\">\n<div class=\"wp-block-column is-layout-flow wp-block-column-is-layout-flow\" style=\"flex-basis:20%\"><\/div>\n\n\n\n<div class=\"wp-block-column is-layout-flow wp-block-column-is-layout-flow\" style=\"flex-basis:60%\">\n<h2 class=\"wp-block-heading has-text-align-center has-nv-text-dark-bg-color has-text-color\" style=\"font-size:36px\">Los beneficios del Gran Prix Solidario ir\u00e1n destinados a garantizar los derechos de la infancia en India<\/h2>\n\n\n\n<div class=\"wp-block-buttons is-horizontal is-content-justification-center is-layout-flex wp-container-core-buttons-is-layout-2 wp-block-buttons-is-layout-flex\">\n<div class=\"wp-block-button is-style-primary\"><a class=\"wp-block-button__link has-neve-link-color-color has-text-color has-background has-link-color wp-element-button\" href=\"https:\/\/www.fundacionkambia.org\/granprixsolidario\/contact\/\" style=\"background-color:#ffffff\">PARTICIPA<\/a><\/div>\n<\/div>\n<\/div>\n\n\n\n<div class=\"wp-block-column is-layout-flow wp-block-column-is-layout-flow\" style=\"flex-basis:20%\"><\/div>\n<\/div>\n\n\n\n<div style=\"height:37px\" aria-hidden=\"true\" class=\"wp-block-spacer\"><\/div>\n<\/div><\/div>\n","protected":false},"excerpt":{"rendered":"","protected":false},"author":1,"featured_media":0,"parent":0,"menu_order":0,"comment_status":"closed","ping_status":"closed","template":"","meta":{"neve_meta_sidebar":"","neve_meta_container":"","neve_meta_enable_content_width":"on","neve_meta_content_width":100,"neve_meta_title_alignment":"","neve_meta_author_avatar":"","neve_post_elements_order":"","neve_meta_disable_header":"","neve_meta_disable_footer":"","neve_meta_disable_title":"on","footnotes":""},"class_list":["post-25","page","type-page","status-publish","hentry"],"_links":{"self":[{"href":"https:\/\/www.fundacionkambia.org\/granprixsolidario\/wp-json\/wp\/v2\/pages\/25"}],"collection":[{"href":"https:\/\/www.fundacionkambia.org\/granprixsolidario\/wp-json\/wp\/v2\/pages"}],"about":[{"href":"https:\/\/www.fundacionkambia.org\/granprixsolidario\/wp-json\/wp\/v2\/types\/page"}],"author":[{"embeddable":true,"href":"https:\/\/www.fundacionkambia.org\/granprixsolidario\/wp-json\/wp\/v2\/users\/1"}],"replies":[{"embeddable":true,"href":"https:\/\/www.fundacionkambia.org\/granprixsolidario\/wp-json\/wp\/v2\/comments?post=25"}],"version-history":[{"count":17,"href":"https:\/\/www.fundacionkambia.org\/granprixsolidario\/wp-json\/wp\/v2\/pages\/25\/revisions"}],"predecessor-version":[{"id":163,"href":"https:\/\/www.fundacionkambia.org\/granprixsolidario\/wp-json\/wp\/v2\/pages\/25\/revisions\/163"}],"wp:attachment":[{"href":"https:\/\/www.fundacionkambia.org\/granprixsolidario\/wp-json\/wp\/v2\/media?parent=25"}],"curies":[{"name":"wp","href":"https:\/\/api.w.org\/{rel}","templated":true}]}}

<div class="wp-block-cover alignfull" style="min-height:320px;aspect-ratio:unset;"><span aria-hidden="true" class="wp-block-cover__background has-nv-site-bg-background-color has-background-dim-100 has-background-dim"></span><div class="wp-block-cover__inner-container is-layout-flow wp-block-cover-is-layout-flow">
<div class="wp-block-group" style="padding-right:var(--wp--preset--spacing--30);padding-left:var(--wp--preset--spacing--30)"><div class="wp-block-group__inner-container is-layout-flow wp-block-group-is-layout-flow">
<div class="wp-block-columns are-vertically-aligned-center is-layout-flex wp-container-core-columns-is-layout-1 wp-block-columns-is-layout-flex">
<div class="wp-block-column is-vertically-aligned-center is-layout-flow wp-block-column-is-layout-flow" style="flex-basis:70%">
<div style="height:24px" aria-hidden="true" class="wp-block-spacer"></div>



<h1 class="wp-block-heading has-text-align-left has-neve-link-hover-color-color has-text-color" style="font-size:45px">Garantizar los derechos de las niñas, niños y adolescentes en India</h1>



<p class="has-neve-text-color-color has-text-color" style="font-size:22px">Para que tengan una infancia plena en la que cada uno/a pueda acceder a derechos tales como: educación, salud, diversión, identidad, igualdad, alimentación, protección, prevención y vivienda.</p>
</div>



<div class="wp-block-column is-vertically-aligned-center is-layout-flow wp-block-column-is-layout-flow" style="flex-basis:30%"></div>
</div>
</div></div>
</div></div>



<div class="wp-block-cover alignfull" style="min-height:1215px;aspect-ratio:unset;"><span aria-hidden="true" class="wp-block-cover__background has-nv-light-bg-background-color has-background-dim-100 has-background-dim"></span><div class="wp-block-cover__inner-container is-layout-flow wp-block-cover-is-layout-flow">
<div class="wp-block-group"><div class="wp-block-group__inner-container is-layout-flow wp-block-group-is-layout-flow">
<div style="height:63px" aria-hidden="true" class="wp-block-spacer"></div>



<div class="wp-block-cover alignwide has-custom-content-position is-position-bottom-left" style="border-radius:32px;padding-top:var(--wp--preset--spacing--60);padding-right:var(--wp--preset--spacing--60);padding-bottom:var(--wp--preset--spacing--60);padding-left:var(--wp--preset--spacing--60);min-height:500px;aspect-ratio:unset;"><span aria-hidden="true" class="wp-block-cover__background has-neve-link-color-background-color has-background-dim-0 has-background-dim"></span><img loading="lazy" decoding="async" width="2560" height="1707" class="wp-block-cover__image-background wp-image-147" alt="" src="https://www.fundacionkambia.org/granprixsolidario/wp-content/uploads/2024/09/IMG_2691-scaled.jpg" data-object-fit="cover" srcset="https://www.fundacionkambia.org/granprixsolidario/wp-content/uploads/2024/09/IMG_2691-scaled.jpg 2560w, https://www.fundacionkambia.org/granprixsolidario/wp-content/uploads/2024/09/IMG_2691-300x200.jpg 300w, https://www.fundacionkambia.org/granprixsolidario/wp-content/uploads/2024/09/IMG_2691-1024x683.jpg 1024w, https://www.fundacionkambia.org/granprixsolidario/wp-content/uploads/2024/09/IMG_2691-768x512.jpg 768w, https://www.fundacionkambia.org/granprixsolidario/wp-content/uploads/2024/09/IMG_2691-1536x1024.jpg 1536w, https://www.fundacionkambia.org/granprixsolidario/wp-content/uploads/2024/09/IMG_2691-2048x1365.jpg 2048w, https://www.fundacionkambia.org/granprixsolidario/wp-content/uploads/2024/09/IMG_2691-930x620.jpg 930w" sizes="(max-width: 2560px) 100vw, 2560px" /><div class="wp-block-cover__inner-container is-layout-flow wp-block-cover-is-layout-flow">
<p class="has-text-align-center has-large-font-size"></p>
</div></div>



<div style="height:60px" aria-hidden="true" class="wp-block-spacer"></div>



<div class="wp-block-columns is-layout-flex wp-container-core-columns-is-layout-2 wp-block-columns-is-layout-flex">
<div class="wp-block-column is-layout-flow wp-block-column-is-layout-flow" style="padding-right:var(--wp--preset--spacing--30);padding-left:var(--wp--preset--spacing--30);flex-basis:67%">
<p class="has-neve-text-color-color has-text-color">India tiene más de 400 millones de menores de 18 años de edad.<br>La falta de recursos y la discriminación por casta, tan arraigada en la sociedad, hacen muy difícil transformar una realidad que vulnera los derechos de la infancia:<br>trabajo infantil, matrimonio infantil, violencia, trata…</p>



<p class="has-neve-text-color-color has-text-color">Kambia apoya a los equipos locales en la formacisn de redes comunitarias de apoyo mutuo formadas por  miles de niños, niñas y adolescentes para proteger los derechos de la infancia. Así crean un entorno seguro y equitativo donde cada persona puede desarrollarse plenamente, sentirse valorada y alcanzar su máximo potencial.</p>



<div class="wp-block-buttons has-custom-font-size has-small-font-size is-content-justification-left is-layout-flex wp-container-core-buttons-is-layout-1 wp-block-buttons-is-layout-flex">
<div class="wp-block-button has-custom-font-size is-style-default" style="font-size:16px"><a class="wp-block-button__link has-nv-text-dark-bg-color has-neve-link-color-background-color has-text-color has-background has-link-color wp-element-button" href="https://www.fundacionkambia.org">CONOCE MÁS SOBRE KAMBIA</a></div>
</div>
</div>



<div class="wp-block-column is-layout-flow wp-block-column-is-layout-flow" style="padding-right:var(--wp--preset--spacing--30);padding-left:var(--wp--preset--spacing--30);flex-basis:34%">
<p class="has-neve-link-hover-color-color has-text-color" style="font-size:25px">“Queremos garantizar que tengan una infancia plena&#8230; ”</p>



<figure class="wp-block-image size-full is-resized is-style-rounded"><img loading="lazy" decoding="async" width="362" height="152" src="https://www.fundacionkambia.org/granprixsolidario/wp-content/uploads/2024/09/Sin-titulo-3.png" alt="" class="wp-image-115" style="aspect-ratio:1;object-fit:cover;width:146px;height:auto" srcset="https://www.fundacionkambia.org/granprixsolidario/wp-content/uploads/2024/09/Sin-titulo-3.png 362w, https://www.fundacionkambia.org/granprixsolidario/wp-content/uploads/2024/09/Sin-titulo-3-300x126.png 300w" sizes="(max-width: 362px) 100vw, 362px" /></figure>



<p class="has-neve-link-hover-color-color has-text-color has-small-font-size"><strong>KAM VERDE</strong></p>
</div>
</div>



<div style="height:20px" aria-hidden="true" class="wp-block-spacer"></div>
</div></div>
</div></div>



<div class="wp-block-cover alignfull" style="min-height:300px;aspect-ratio:unset;"><span aria-hidden="true" class="wp-block-cover__background has-neve-link-color-background-color has-background-dim-100 has-background-dim"></span><div class="wp-block-cover__inner-container is-layout-flow wp-block-cover-is-layout-flow">
<div style="height:140px" aria-hidden="true" class="wp-block-spacer"></div>



<div class="wp-block-columns is-layout-flex wp-container-core-columns-is-layout-3 wp-block-columns-is-layout-flex">
<div class="wp-block-column is-layout-flow wp-block-column-is-layout-flow" style="flex-basis:20%"></div>



<div class="wp-block-column is-layout-flow wp-block-column-is-layout-flow" style="flex-basis:60%">
<h2 class="wp-block-heading has-text-align-center has-nv-text-dark-bg-color has-text-color" style="font-size:36px">Los beneficios del Gran Prix Solidario irán destinados a garantizar los derechos de la infancia en India</h2>



<div class="wp-block-buttons is-horizontal is-content-justification-center is-layout-flex wp-container-core-buttons-is-layout-2 wp-block-buttons-is-layout-flex">
<div class="wp-block-button is-style-primary"><a class="wp-block-button__link has-neve-link-color-color has-text-color has-background has-link-color wp-element-button" href="https://www.fundacionkambia.org/granprixsolidario/contact/" style="background-color:#ffffff">PARTICIPA</a></div>
</div>
</div>



<div class="wp-block-column is-layout-flow wp-block-column-is-layout-flow" style="flex-basis:20%"></div>
</div>



<div style="height:37px" aria-hidden="true" class="wp-block-spacer"></div>
</div></div>
