{"id":254,"date":"2024-10-04T12:55:50","date_gmt":"2024-10-04T10:55:50","guid":{"rendered":"https:\/\/www.fundacionkambia.org\/granprixsolidario\/?page_id=254"},"modified":"2025-09-15T12:49:51","modified_gmt":"2025-09-15T10:49:51","slug":"faq","status":"publish","type":"page","link":"https:\/\/www.fundacionkambia.org\/granprixsolidario\/faq\/","title":{"rendered":"FAQ"},"content":{"rendered":"\n<p>Intentamos responder a todas tus dudas sobre el Gran Prix Solidario Kambia. Si no has encontrado la respuesta no dudes en ponerte en contacto con nosotras en <a href=\"mailto:hola@fundacionkambia.org\">hola@fundacionkambia.org<\/a> e intentaremos resolver todas tus dudas.<\/p>\n\n\n\n<details class=\"wp-block-details has-neve-link-color-background-color has-background is-layout-flow wp-block-details-is-layout-flow\"><summary>\u00bfQu\u00e9 es el Gran Prix Solidario?<\/summary>\n<p>El Gran Prix Solidario es un evento organizado por la Fundaci\u00f3n Kambia con el apoyo de los Colegios de la Fundaci\u00f3n Educativa Mary Ward. Es un evento solidario planteado como un d\u00eda familiar en el que pueden participar personas de todas las edades. Para ello, vamos a convertir este d\u00eda en una aut\u00e9ntica fiesta con atracciones, pruebas, talleres, bar, m\u00fasica, sorteos y muchas cosas m\u00e1s.<\/p>\n<\/details>\n\n\n\n<details class=\"wp-block-details has-neve-link-hover-color-background-color has-background is-layout-flow wp-block-details-is-layout-flow\"><summary>\u00bfCu\u00e1ndo y d\u00f3nde se celebra el Gran Prix Solidario?<\/summary>\n<p><strong>ALCOBENDAS | 4 OCTUBRE: <\/strong>en el recinto del Colegio Irlandesas el Soto en Alcobendas. Horario de 11-15h.<br><strong>SEVILLA | 22 NOVIEMBRE:<\/strong> en el recinto del Colegio Irlandesas Bami en Sevilla. Horario de 11-15h.<\/p>\n<\/details>\n\n\n\n<details class=\"wp-block-details has-neve-link-color-background-color has-background is-layout-flow wp-block-details-is-layout-flow\"><summary>\u00bfA qu\u00e9 proyecto ir\u00e1n destinados los beneficios?<\/summary>\n<p>Nuestro objetivo es construir \u00abUna escuela para Aweil\u00bb para garantizar la educaci\u00f3n de los ni\u00f1os, ni\u00f1as y adolescentes en Sud\u00e1n del Sur.<\/p>\n<\/details>\n\n\n\n<details class=\"wp-block-details has-neve-link-hover-color-background-color has-background is-layout-flow wp-block-details-is-layout-flow\"><summary>\u00bfQui\u00e9n puede participar?<\/summary>\n<p>El evento est\u00e1 abierto a personas de todas las edades. Sin embargo, algunas atracciones estar\u00e1n limitadas a los m\u00e1s peques por la altura.<br>Las atracciones no son accesibles para las personas con movilidad reducida.<\/p>\n<\/details>\n\n\n\n<details class=\"wp-block-details has-neve-link-color-background-color has-background is-layout-flow wp-block-details-is-layout-flow\"><summary>\u00bfTengo que comprar una entrada para acceder?<\/summary>\n<p>El acceso al recinto es gratuito. No obstante, para participar en las atracciones es necesario acreditar la inscripci\u00f3n mediante una pulsera que se entrega en el momento de la entrada al evento. Recuerda que es un evento solidario, aunque s\u00f3lo vayas a montarte en un par de atracciones merece la pena sacarse una entrada y colaborar con el proyecto.<\/p>\n<\/details>\n\n\n\n<details class=\"wp-block-details has-neve-link-hover-color-background-color has-background is-layout-flow wp-block-details-is-layout-flow\"><summary>\u00bfPuedo hacer otra cosa si no me apetece subirme a las atracciones?<\/summary>\n<p>\u00a1Claro! Adem\u00e1s de las atracciones contamos con talleres de chapas personalizadas, pintacaras y mandis. Adem\u00e1s habr\u00e1 un sorteo con fant\u00e1sticos premios y un bar que a partir de las 13h. servir\u00e1 una s\u00faper barbacoa.<\/p>\n<\/details>\n\n\n\n<details class=\"wp-block-details has-neve-link-color-background-color has-background is-layout-flow wp-block-details-is-layout-flow\"><summary>\u00bfQu\u00e9 pasa si llueve?<\/summary>\n<p>En caso de lluvia, el evento ser\u00e1 cancelado y pospuesto a una nueva fecha que ser\u00e1 comunicada oportunamente. Debido a la naturaleza solidaria del evento, no se proceder\u00e1 a la devoluci\u00f3n del dinero en caso de cancelaci\u00f3n.<\/p>\n<\/details>\n\n\n\n<p><\/p>\n","protected":false},"excerpt":{"rendered":"<p>Intentamos responder a todas tus dudas sobre el Gran Prix Solidario Kambia. Si no has encontrado la respuesta no dudes en ponerte en contacto con nosotras en hola@fundacionkambia.org e intentaremos resolver todas tus dudas.<\/p>\n","protected":false},"author":1,"featured_media":0,"parent":0,"menu_order":0,"comment_status":"closed","ping_status":"closed","template":"","meta":{"neve_meta_sidebar":"","neve_meta_container":"","neve_meta_enable_content_width":"","neve_meta_content_width":0,"neve_meta_title_alignment":"","neve_meta_author_avatar":"","neve_post_elements_order":"","neve_meta_disable_header":"","neve_meta_disable_footer":"","neve_meta_disable_title":"","footnotes":""},"class_list":["post-254","page","type-page","status-publish","hentry"],"_links":{"self":[{"href":"https:\/\/www.fundacionkambia.org\/granprixsolidario\/wp-json\/wp\/v2\/pages\/254"}],"collection":[{"href":"https:\/\/www.fundacionkambia.org\/granprixsolidario\/wp-json\/wp\/v2\/pages"}],"about":[{"href":"https:\/\/www.fundacionkambia.org\/granprixsolidario\/wp-json\/wp\/v2\/types\/page"}],"author":[{"embeddable":true,"href":"https:\/\/www.fundacionkambia.org\/granprixsolidario\/wp-json\/wp\/v2\/users\/1"}],"replies":[{"embeddable":true,"href":"https:\/\/www.fundacionkambia.org\/granprixsolidario\/wp-json\/wp\/v2\/comments?post=254"}],"version-history":[{"count":8,"href":"https:\/\/www.fundacionkambia.org\/granprixsolidario\/wp-json\/wp\/v2\/pages\/254\/revisions"}],"predecessor-version":[{"id":282,"href":"https:\/\/www.fundacionkambia.org\/granprixsolidario\/wp-json\/wp\/v2\/pages\/254\/revisions\/282"}],"wp:attachment":[{"href":"https:\/\/www.fundacionkambia.org\/granprixsolidario\/wp-json\/wp\/v2\/media?parent=254"}],"curies":[{"name":"wp","href":"https:\/\/api.w.org\/{rel}","templated":true}]}}

<p>Intentamos responder a todas tus dudas sobre el Gran Prix Solidario Kambia. Si no has encontrado la respuesta no dudes en ponerte en contacto con nosotras en <a href="mailto:hola@fundacionkambia.org">hola@fundacionkambia.org</a> e intentaremos resolver todas tus dudas.</p>



<details class="wp-block-details has-neve-link-color-background-color has-background is-layout-flow wp-block-details-is-layout-flow"><summary>¿Qué es el Gran Prix Solidario?</summary>
<p>El Gran Prix Solidario es un evento organizado por la Fundación Kambia con el apoyo de los Colegios de la Fundación Educativa Mary Ward. Es un evento solidario planteado como un día familiar en el que pueden participar personas de todas las edades. Para ello, vamos a convertir este día en una auténtica fiesta con atracciones, pruebas, talleres, bar, música, sorteos y muchas cosas más.</p>
</details>



<details class="wp-block-details has-neve-link-hover-color-background-color has-background is-layout-flow wp-block-details-is-layout-flow"><summary>¿Cuándo y dónde se celebra el Gran Prix Solidario?</summary>
<p><strong>ALCOBENDAS | 4 OCTUBRE: </strong>en el recinto del Colegio Irlandesas el Soto en Alcobendas. Horario de 11-15h.<br><strong>SEVILLA | 22 NOVIEMBRE:</strong> en el recinto del Colegio Irlandesas Bami en Sevilla. Horario de 11-15h.</p>
</details>



<details class="wp-block-details has-neve-link-color-background-color has-background is-layout-flow wp-block-details-is-layout-flow"><summary>¿A qué proyecto irán destinados los beneficios?</summary>
<p>Nuestro objetivo es construir «Una escuela para Aweil» para garantizar la educación de los niños, niñas y adolescentes en Sudán del Sur.</p>
</details>



<details class="wp-block-details has-neve-link-hover-color-background-color has-background is-layout-flow wp-block-details-is-layout-flow"><summary>¿Quién puede participar?</summary>
<p>El evento está abierto a personas de todas las edades. Sin embargo, algunas atracciones estarán limitadas a los más peques por la altura.<br>Las atracciones no son accesibles para las personas con movilidad reducida.</p>
</details>



<details class="wp-block-details has-neve-link-color-background-color has-background is-layout-flow wp-block-details-is-layout-flow"><summary>¿Tengo que comprar una entrada para acceder?</summary>
<p>El acceso al recinto es gratuito. No obstante, para participar en las atracciones es necesario acreditar la inscripción mediante una pulsera que se entrega en el momento de la entrada al evento. Recuerda que es un evento solidario, aunque sólo vayas a montarte en un par de atracciones merece la pena sacarse una entrada y colaborar con el proyecto.</p>
</details>



<details class="wp-block-details has-neve-link-hover-color-background-color has-background is-layout-flow wp-block-details-is-layout-flow"><summary>¿Puedo hacer otra cosa si no me apetece subirme a las atracciones?</summary>
<p>¡Claro! Además de las atracciones contamos con talleres de chapas personalizadas, pintacaras y mandis. Además habrá un sorteo con fantásticos premios y un bar que a partir de las 13h. servirá una súper barbacoa.</p>
</details>



<details class="wp-block-details has-neve-link-color-background-color has-background is-layout-flow wp-block-details-is-layout-flow"><summary>¿Qué pasa si llueve?</summary>
<p>En caso de lluvia, el evento será cancelado y pospuesto a una nueva fecha que será comunicada oportunamente. Debido a la naturaleza solidaria del evento, no se procederá a la devolución del dinero en caso de cancelación.</p>
</details>



<p></p>
